et i(o) = o**2 + o - 2. Let w be i(-3). Suppose -3*v - 1 = -w. What are the prime factors of 4*3/6*v?
2
Let m(c) = c**2. Let f(j) = -4*j**2 - 3*j. Let z(t) = -f(t) - 5*m(t). Let i be z(3). Let k = 3 - i. List the prime factors of k.
3
Let l(c) be the third derivative of c**7/840 - c**5/120 + c**4/24 + c**2. Let w(s) be the second derivative of l(s). List the prime factors of w(2).
11
Let b(d) = d + 2. Let k be b(3). Let q = k - 8. Let g = 13 + q. What are the prime factors of g?
2, 5
Suppose -5*m + 333 = 4*n, 0*m - 2*m = n - 132. What are the prime factors of m?
5, 13
Let b(c) = -c**3 - 6*c**2 - 2*c - 13. What are the prime factors of b(-7)?
2, 5
Suppose 5*u - 215 = 70. What are the prime factors of u?
3, 19
Let x(z) = 2*z**2 - 3*z - 2. Let k(w) = w**2 - 4*w + 1. Let s = -5 + 8. Let g be k(s). What are the prime factors of x(g)?
2, 3
Let b be -5 + 4 + -1 - -3. Let c = b + 27. What are the prime factors of c?
2, 7
Let y(l) = -l - 2 + 2 + 16*l. List the prime factors of y(1).
3, 5
Let u(q) = -2*q**3 - 3*q**2 - 4*q - 2. What are the prime factors of u(-3)?
37
Let o = 93 + -66. What are the prime factors of o?
3
Let f = -23 + 97. What are the prime factors of f?
2, 37
Let j be (-4)/26 - 684/(-52). Suppose -w + j = -1. What are the prime factors of w?
2, 7
Let g be (-7)/((-28)/(-72)) - 0. Let j = 47 + g. What are the prime factors of j?
29
Suppose 0 = 3*u - 2 - 25. Suppose -4*k + u = -31. What are the prime factors of k?
2, 5
Suppose 0 = -4*a + 5*a + 2. Let x be (-16)/a + -3 + 3. Let t(i) = i**2 - 9*i + 10. What are the prime factors of t(x)?
2
List the prime factors of (-4)/(-20) - (-4088)/35.
3, 13
Suppose 2*u = 2*q - 6, 3*q - 11 = -3*u + 4. Suppose -j = -3*v - 46, 0*j + q*v - 39 = -j. What are the prime factors of j?
43
What are the prime factors of 1/((-56)/16) + (-1096)/(-14)?
2, 3, 13
Suppose -5*j - 96 = -j. Let o = j + 40. List the prime factors of (-6 + 3)*o/(-6).
2
Let w(l) = -l**3 - 6*l**2 - 7*l + 5. List the prime factors of w(-7).
103
Let f(m) = m + 22. Let s(i) = 2*i + 45. Let p(d) = 7*f(d) - 3*s(d). List the prime factors of p(-8).
11
Suppose 16 + 28 = h. List the prime factors of h.
2, 11
Let c(q) = q**2 + 5*q + 38. What are the prime factors of c(7)?
2, 61
Let o(h) = -h - 3. Let t be o(-6). List the prime factors of 2/t - (-4)/3.
2
Suppose -3*h - 6 = -4*h. What are the prime factors of (20/6)/(2/h)?
2, 5
Suppose 0 = l + 2, -4 - 1 = -w + 5*l. List the prime factors of (-106)/(-10) - 2/w.
11
Suppose 5*c - 2*l - 391 = 0, 42 - 418 = -5*c - 3*l. What are the prime factors of c?
7, 11
Suppose -52 = -v + 5*s, -s = 3*v + 2*v - 156. List the prime factors of v.
2
Let h(w) = -35*w - 13. List the prime factors of h(-4).
127
Let p = 5 + -3. Suppose m - 1 = o + p, 2*o - 5*m = -3. Let j = o - -6. What are the prime factors of j?
2
Let f(q) = -36*q + 8. List the prime factors of f(-11).
2, 101
Suppose 5*z - 505 = -2*h, 2*z + 2*z = 2*h + 386. List the prime factors of z.
3, 11
Suppose 0*i = 5*i + 40. Let k = -5 - i. What are the prime factors of k?
3
Let x(n) = n**2 - 14*n - 11. Let l be x(15). Suppose 4*r = -2*k - 0*k + 46, l*r - 92 = -4*k. What are the prime factors of k?
23
Suppose -5*g + 2*l + 246 = 0, -2*l + l + 237 = 5*g. Suppose 0*z + 49 = 5*z - 4*m, m + g = 4*z. List the prime factors of z.
13
Let l(v) = v - 4 + 2 + 7. Let f(r) = -2*r. Let a be f(-2). List the prime factors of l(a).
3
Let k(m) = m**2 - 2*m + 1. List the prime factors of k(-9).
2, 5
Suppose 2 = d, v + 5*d = 3*v - 42. List the prime factors of v.
2, 13
Suppose -2*u - g - 9 = 0, 32 = -2*u + u + 5*g. List the prime factors of (-2)/u - 300/(-28).
11
Let c = 12 + -7. Suppose c*h = 3*h + 24. What are the prime factors of h?
2, 3
Suppose 2*f = 7*f - 30. List the prime factors of f.
2, 3
Suppose 4*x - 11 = -3*g, 3*g = 7*g - 2*x. Let f(y) = 0*y**2 + 4*y**2 - y**2 - g - 11*y - 2*y**2. List the prime factors of f(12).
11
Let l(q) = -5*q - 15. List the prime factors of l(-7).
2, 5
Let q be (-4)/8*(-7 - 1). Suppose -q*y + 27 = -y. List the prime factors of (-9)/6*(-12)/y.
2
Let t be 2 + (2 + -2 - -5). Suppose -2*c - 3*d = -3, -2*c - 3*c - 3*d - 6 = 0. Let f = t + c. What are the prime factors of f?
2
Suppose 0 = w + 2*h + 6, 2*w + 5*h + 13 = -w. Let m(r) = 3*r**3 + 6*r**2 - 7*r. Let v(b) = -b**3 + b. Let y(z) = w*v(z) + m(z). List the prime factors of y(2).
2, 5
Let u = 12 + -9. Let q be ((-20)/15)/(4/(-6)). What are the prime factors of 18*q/2 - u?
3, 5
Let c(r) = -9*r**2 + r. Suppose 9 = -4*p - 3. Let d be c(p). List the prime factors of 2/(-6) - d/9.
3
Suppose -t = -3*d - 31, 4*t + 56 = -0*d - 3*d. What are the prime factors of ((-22)/6 + 3)*d?
2
Suppose 2*f = 3*j - 7 - 6, -f - 2*j = 10. Suppose -24 = -6*h + 3*h. List the prime factors of (-98)/f + (-2)/h.
2, 3
Let n(r) = 4*r + 5. Let w be n(2). Suppose b + 203 = 4*i - w, -4*i + 216 = 3*b. List the prime factors of i.
2, 3
Let w = -4 + 4. Let h = 3 + w. What are the prime factors of h?
3
Let k(g) = g**2 - 6*g - 4. Let p be k(6). Let h = p + 4. List the prime factors of 1 - (h - -1)*-10.
11
Suppose -5*a - h - 10 = -3*a, 4*a - 3*h = -10. Suppose 2*p + 5*o = 2, 2*p + 3 = 3*o + 21. Let s = p + a. What are the prime factors of s?
2
Let q be 1/(0 + -1) - -6. Suppose q*t - 2 = 3*v + t, 5*v - 4*t = 10. What are the prime factors of v?
2, 3
Suppose 5*m = -2*c + 66, 5*c + 4*m + m - 195 = 0. List the prime factors of c.
43
Let h = 30 + -28. Suppose 2*l - 4*i - 72 = 0, -6 = i + i. Suppose -60 = -j - 3*j - b, -h*j - b = -l. List the prime factors of j.
3, 5
Suppose 0 = -7*r + 2*r + 105. Let w = r + -13. List the prime factors of w.
2
What are the prime factors of 180/45 - (-139 + (0 - -1))?
2, 71
Let n(s) be the first derivative of s**2 + 10*s + 2. What are the prime factors of n(10)?
2, 3, 5
Suppose 4*r + 2*n = 10, -2*r + 3*r + 2 = -5*n. Suppose 15 = l - 5*t + 2, -4*t = -r*l + 17. Suppose 0 = d - l*d + 26. List the prime factors of d.
13
Suppose 5*d = -2*l + 3*l - 47, l - 33 = -2*d. List the prime factors of l.
37
Let q be (-3 + 1)*-1 + 2. Let y(o) = o**2 + 6*o + 0*o**2 - 6 - o**3 + 2*o**2. What are the prime factors of y(q)?
2
Suppose 3*p = 6*p - 6. Suppose -w - p*w + 138 = 0. What are the prime factors of w?
2, 23
Suppose y - 5*v - 27 = 0, -4*v - 32 = 2*y - 3*y. List the prime factors of y.
2, 13
Suppose 2*u - 133 = 227. Suppose -u = -2*l - 3*l. Suppose 3*r - l = -r. What are the prime factors of r?
3
Let z = -17 + 29. Suppose 0 = 4*y - 7*y + z. Suppose 0*j + 3*j = 0, 0 = y*i - 3*j - 56. What are the prime factors of i?
2, 7
Let s = 4 + -7. Let l = 14 + s. List the prime factors of l.
11
Suppose n - 3*x = -6*x + 28, 12 = 3*x. List the prime factors of n.
2
Let d = -31 + 50. List the prime factors of d.
19
Let m(u) be the first derivative of -u**3/3 + u**2/2 + 9*u - 1. Let o be (0*((-5)/(-3))/(-5))/1. List the prime factors of m(o).
3
Let x be (4/6)/((-2)/6). Let z be (x + 10/4)*0. Suppose -b + 5 + 7 = z. List the prime factors of b.
2, 3
What are the prime factors of (-132)/((-18)/(-16)*(-12)/9)?
2, 11
Suppose 0 = -2*k + 5*i - 112, i = -k - 0*k - 49. Let z = -36 - k. List the prime factors of z.
3, 5
Suppose -5*p = -2*k + 7*k - 260, 5*p - 4*k - 278 = 0. List the prime factors of p.
2, 3
Suppose 2*d = 3*p - 26 + 1, -2 = d. Let r be (8/8)/((-2)/4). Let h = p + r. What are the prime factors of h?
5
Let p(z) = -z**3 + z - 8. Let a(q) = -q**2 + 1. Let x(s) = 3*a(s) + p(s). Let g = -12 - -8. List the prime factors of x(g).
7
Suppose -3*y + 4*y - 3*w = 29, 5*y - w - 201 = 0. What are the prime factors of y?
41
Let k = -24 - -34. Let y = -2 + k. Suppose 2*w = y - 2. List the prime factors of w.
3
Let v(s) = -s + 11. Let j be v(-6). Let w = j + -9. List the prime factors of w.
2
Let k be ((-12)/(-8))/(2/4). Suppose 2 = v - 3*t + k, -1 = 2*v - 5*t. Suppose 12 = 2*r + v. List the prime factors of r.
5
Let t(k) = -k**3 - 9*k**2 - 9*k - 5. Let s be t(-8). Let c(j) = 2*j**s - 3*j**3 + 0*j**3 - 2 + j. What are the prime factors of c(-2)?
2
Let b = -1 + 12. What are the prime factors of 512/88 + 2/b?
2, 3
Suppose 188 = -37*y + 39*y. What are the prime factors of y?
2, 47
Let s = 1 + -3. Let y be (-3)/((-2)/((-4)/(-2))). List the prime factors of 3 - y/6*s.
2
Let h = 2 - 0. Suppose -2*w + 10 - h = 0. Suppose 5*u = w*c - 21, -1 - 3 = 4*u. List the prime fac